ivided by 5712?
2510
What is the remainder when 355192 is divided by 228?
196
What is the remainder when 7316372 is divided by 2438789?
5
What is the remainder when 921113 is divided by 657?
656
Calculate the remainder when 6848173 is divided by 3794.
3
What is the remainder when 9299694 is divided by 783?
3
Calculate the remainder when 11218531 is divided by 8623.
8
Calculate the remainder when 2439588 is divided by 4468.
60
What is the remainder when 47388 is divided by 3661?
3456
What is the remainder when 2186093 is divided by 5306?
21
Calculate the remainder when 115287598 is divided by 5.
3
What is the remainder when 179679602 is divided by 1255?
1252
Calculate the remainder when 2305070 is divided by 384174.
26
Calculate the remainder when 29964406 is divided by 2201.
2193
What is the remainder when 12110686 is divided by 953?
915
What is the remainder when 94897 is divided by 94840?
57
Calculate the remainder when 1463963 is divided by 112611.
20
Calculate the remainder when 10436956 is divided by 346.
212
What is the remainder when 1932334 is divided by 370?
194
What is the remainder when 534499 is divided by 23045?
4464
Calculate the remainder when 4196728 is divided by 7.
4
Calculate the remainder when 96826 is divided by 8124.
7462
What is the remainder when 390530 is divided by 65071?
104
Calculate the remainder when 794608 is divided by 16552.
112
What is the remainder when 613475365 is divided by 15?
10
What is the remainder when 14297890 is divided by 578?
482
What is the remainder when 264378033 is divided by 4524?
4521
What is the remainder when 70198 is divided by 34975?
248
What is the remainder when 6430809 is divided by 9200?
9
Calculate the remainder when 1610564 is divided by 12.
8
What is the remainder when 11387009 is divided by 678?
677
What is the remainder when 1858654 is divided by 36?
10
What is the remainder when 10674831 is divided by 13?
11
Calculate the remainder when 1113282 is divided by 2085.
1977
Calculate the remainder when 2776096 is divided by 89.
8
Calculate the remainder when 21111 is divided by 20411.
700
Calculate the remainder when 365559 is divided by 8.
7
What is the remainder when 10124752 is divided by 26?
14
Calculate the remainder when 940097 is divided by 1302.
53
Calculate the remainder when 249802 is divided by 19128.
1138
Calculate the remainder when 57301455 is divided by 47.
42
Calculate the remainder when 2231605 is divided by 222.
61
Calculate the remainder when 8921254 is divided by 551.
13
What is the remainder when 578644195 is divided by 49?
10
What is the remainder when 1474003 is divided by 2520?
2323
What is the remainder when 2659390 is divided by 8?
6
Calculate the remainder when 66003 is divided by 1855.
1078
What is the remainder when 2091835 is divided by 90949?
8
Calculate the remainder when 130908 is divided by 6881.
169
What is the remainder when 185519 is divided by 15458?
23
Calculate the remainder when 61038 is divided by 141.
126
Calculate the remainder when 1838808 is divided by 710.
618
Calculate the remainder when 28935236 is divided by 1522899.
155
Calculate the remainder when 328128 is divided by 9337.
1333
What is the remainder when 198049 is divided by 6595?
199
Calculate the remainder when 7099383 is divided by 1541.
1537
Calculate the remainder when 43982998 is divided by 95.
88
What is the remainder when 205307 is divided by 240?
107
Calculate the remainder when 789635491 is divided by 1151.
1149
What is the remainder when 3891 is divided by 543?
90
Calculate the remainder when 9373291 is divided by 1133.
1115
Calculate the remainder when 296537 is divided by 295276.
1261
Calculate the remainder when 441193 is divided by 55054.
761
What is the remainder when 41540 is divided by 13826?
62
What is the remainder when 1654891 is divided by 236410?
21
Calculate the remainder when 10271087 is divided by 10271082.
5
What is the remainder when 1939630 is divided by 3612?
3598
What is the remainder when 2008438 is divided by 15?
13
Calculate the remainder when 85112394 is divided by 912.
906
Calculate the remainder when 36637193 is divided by 2092.
2089
What is the remainder when 134754 is divided by 3494?
1982
Calculate the remainder when 48621801 is divided by 462.
459
What is the remainder when 5066396 is divided by 506639?
6
What is the remainder when 61781399 is divided by 20?
19
Calculate the remainder when 14692198 is divided by 940.
938
Calculate the remainder when 382064 is divided by 127303.
155
Calculate the remainder when 6892198 is divided by 2735.
2733
Calculate the remainder when 44095747 is divided by 15.
7
Calculate the remainder when 4876811 is divided by 2438383.
45
What is the remainder when 1364204 is divided by 94?
76
What is the remainder when 48719 is divided by 11973?
827
Calculate the remainder when 1410727 is divided by 258.
241
Calculate the remainder when 74929 is divided by 365.
104
Calculate the remainder when 1430214 is divided by 1476.
1446
What is the remainder when 3938535 is divided by 20?
15
Calculate the remainder when 1163220 is divided by 933.
702
What is the remainder when 1520775 is divided by 1411?
1128
What is the remainder when 1062760 is divided by 177126?
4
What is the remainder when 3797451 is divided by 70323?
9
Calculate the remainder when 62403 is divided by 1835.
13
Calculate the remainder when 811282885 is divided by 26.
23
Calculate the remainder when 65971751 is divided by 168.
167
What is the remainder when 587594 is divided by 5287?
737
Calculate the remainder when 52998187 is divided by 49027.
0
What is the remainder when 5365464 is divided by 3073?
6
What is the remainder when 8164464 is divided by 930?
924
What is the remainder when 2221334 is divided by 1281?
80
Calculate the remainder when 5603839 is divided by 696.
343
What is the remainder when 217295 is divided by 2129?
137
What is the remainder when 403788 is divided by 7930?
7288
What is the remainder when 997018 is divided by 880?
858
What is the remainder when 53076 is divided by 3781?
142
Calculate the remainder when 27946 is divided by 1077.
1021
What is the remainder when 465903 is divided by 58?
47
What is the remainder when 143494 is divided by 1902?
844
Calculate the remainder when 468172 is divided by 117033.
40
Calculate the remainder when 856700 is divided by 3593.
1566
What is the remainder when 1616413 is divided by 8375?
38
Calculate the remainder when 289755 is divided by 144866.
23
What is the remainder when 978602 is divided by 163092?
50
What is the remainder when 113894160 is divided by 3398?
3394
Calculate the remainder when 14349838 is divided by 1494.
1462
What is the remainder when 398607 is divided by 156?
27
What is the remainder when 14681223 is divided by 12744?
135
Calculate the remainder when 1666626 is divided by 664.
650
Calculate the remainder when 947226111 is divided by 10203.
10200
What is the remainder when 95247 is divided by 95246?
1
What is the remainder when 8543027 is divided by 4271477?
73
Calculate the remainder when 33300 is divided by 10358.
2226
What is the remainder when 4834126 is divided by 1109?
1104
Calculate the remainder when 2163451 is divided by 1540.
1291
What is the remainder when 257576 is divided by 7354?
186
Calculate the remainder when 4814854 is divided by 14.
2
What is the remainder when 862992 is divided by 862959?
33
Calculate the remainder when 560816 is divided by 93469.
2
Calculate the remainder when 16400364 is divided by 203.
197
What is the remainder when 20140582 is divided by 2237842?
4
Calculate the remainder when 4000924 is divided by 1679.
1546
Calculate the remainder when 4480791 is divided by 8803.
64
What is the remainder when 2233545 is divided by 1116729?
87
Calculate the remainder when 1847097 is divided by 42953.
118
Calculate the remainder when 76836 is divided by 25556.
168
What is the remainder when 200423 is divided by 2602?
69
Calculate the remainder when 34466882 is divided by 233.
124
What is the remainder when 14140855 is divided by 156?
79
Calculate the remainder when 52717 is divided by 1387.
11
What is the remainder when 1307253 is divided by 653494?
265
Calculate the remainder when 7112152 is divided by 43.
38
What is the remainder when 1120062 is di